3, 16487
List the prime factors of 1074833.
1074833
What are the prime factors of 412595?
5, 179, 461
What are the prime factors of 441418?
2, 220709
List the prime factors of 90302.
2, 163, 277
What are the prime factors of 5217393?
3, 31, 56101
List the prime factors of 401215.
5, 29, 2767
List the prime factors of 522292.
2, 37, 3529
What are the prime factors of 12523644?
2, 3, 7, 49697
List the prime factors of 10544406.
2, 3, 1757401
List the prime factors of 27576830.
2, 5, 887, 3109
What are the prime factors of 44972?
2, 11243
What are the prime factors of 543705?
3, 5, 67, 541
List the prime factors of 590603.
13, 181, 251
List the prime factors of 74627.
7, 1523
List the prime factors of 474577.
677, 701
List the prime factors of 1970268.
2, 3, 113, 1453
List the prime factors of 2977361.
2977361
What are the prime factors of 348527?
348527
List the prime factors of 991133.
11, 13, 29, 239
What are the prime factors of 263255?
5, 37, 1423
What are the prime factors of 27624772?
2, 7, 986599
What are the prime factors of 354092?
2, 88523
List the prime factors of 541252.
2, 47, 2879
List the prime factors of 2585277.
3, 10639
List the prime factors of 305295.
3, 5, 20353
List the prime factors of 6892691.
13, 29, 47, 389
What are the prime factors of 6056428?
2, 7, 163, 1327
What are the prime factors of 20135?
5, 4027
What are the prime factors of 4036410?
2, 3, 5, 7, 43, 149
What are the prime factors of 1305106?
2, 11, 5393
List the prime factors of 12730543.
7, 73, 3559
List the prime factors of 7619795.
5, 379, 4021
List the prime factors of 350489.
17, 53, 389
What are the prime factors of 239319?
3, 26591
List the prime factors of 2600950.
2, 5, 11, 4729
List the prime factors of 2929330.
2, 5, 292933
List the prime factors of 2487889.
1429, 1741
What are the prime factors of 6644953?
7, 23, 149, 277
What are the prime factors of 169497?
3, 37, 509
What are the prime factors of 6784865?
5, 1356973
List the prime factors of 104143.
13, 8011
List the prime factors of 682301.
457, 1493
What are the prime factors of 44444358?
2, 3, 7, 17, 20749
What are the prime factors of 126132?
2, 3, 23, 457
What are the prime factors of 393617?
7, 29, 277
What are the prime factors of 316045?
5, 31, 2039
What are the prime factors of 6934161?
3, 13, 29, 6131
What are the prime factors of 4691662?
2, 2345831
What are the prime factors of 43393?
7, 6199
What are the prime factors of 14071584?
2, 3, 23, 6373
List the prime factors of 11688382.
2, 19, 307589
List the prime factors of 12311663.
7, 13, 193, 701
What are the prime factors of 104993?
7, 53, 283
What are the prime factors of 346352?
2, 21647
What are the prime factors of 9778509?
3, 13, 2143
What are the prime factors of 186706?
2, 13, 43, 167
List the prime factors of 2998800.
2, 3, 5, 7, 17
List the prime factors of 6215768.
2, 13, 59, 1013
List the prime factors of 73633.
7, 67, 157
List the prime factors of 54647.
54647
What are the prime factors of 404539?
404539
List the prime factors of 2294682.
2, 3, 13, 31, 73
What are the prime factors of 444008?
2, 55501
What are the prime factors of 366588?
2, 3, 17, 599
What are the prime factors of 9571821?
3, 7, 67, 6803
What are the prime factors of 7077582?
2, 3, 37, 10627
What are the prime factors of 169705?
5, 33941
List the prime factors of 653161.
37, 127, 139
List the prime factors of 1875409.
127, 14767
List the prime factors of 67583.
19, 3557
What are the prime factors of 1855970?
2, 5, 31, 5987
List the prime factors of 547106.
2, 7, 39079
What are the prime factors of 1592313?
3, 23, 47, 491
What are the prime factors of 10179045?
3, 5, 226201
What are the prime factors of 373631?
373631
What are the prime factors of 248012?
2, 62003
List the prime factors of 275032.
2, 31, 1109
List the prime factors of 4019657.
4019657
List the prime factors of 22998182.
2, 11499091
List the prime factors of 1125084.
2, 3, 29, 53, 61
List the prime factors of 1351017.
3, 43, 3491
List the prime factors of 1626634.
2, 41, 83, 239
List the prime factors of 4094768.
2, 255923
List the prime factors of 10003652.
2, 19, 131627
What are the prime factors of 4113212?
2, 1028303
List the prime factors of 2053016.
2, 7, 61, 601
What are the prime factors of 5744754?
2, 3, 439, 727
What are the prime factors of 93334?
2, 23, 2029
List the prime factors of 155795.
5, 31159
List the prime factors of 8602486.
2, 4301243
List the prime factors of 605061.
3, 23, 37, 79
List the prime factors of 295784.
2, 36973
List the prime factors of 5651214.
2, 3, 109, 8641
List the prime factors of 28859468.
2, 11, 59627
What are the prime factors of 1416459?
3, 11, 42923
What are the prime factors of 1375224?
2, 3, 57301
What are the prime factors of 34485456?
2, 3, 19, 37813
List the prime factors of 18126205.
5, 541, 6701
What are the prime factors of 12067842?
2, 3, 229, 8783
What are the prime factors of 825853?
7, 117979
List the prime factors of 7977013.
11, 31, 149, 157
What are the prime factors of 468893?
468893
List the prime factors of 14046397.
14046397
List the prime factors of 126829.
53, 2393
List the prime factors of 13798447.
13, 37, 28687
List the prime factors of 33447850.
2, 5, 557, 1201
What are the prime factors of 5019077?
7, 717011
List the prime factors of 19223725.
5, 19, 40471
List the prime factors of 10449742.
2, 139, 37589
What are the prime factors of 277501?
7, 29, 1367
What are the prime factors of 310999?
13, 47, 509
What are the prime factors of 121778?
2, 60889
List the prime factors of 8761410.
2, 3, 5, 7, 13907
List the prime factors of 385112.
2, 7, 13, 23
List the prime factors of 146333.
11, 53, 251
What are the prime factors of 2850085?
5, 7, 11633
What are the prime factors of 694174?
2, 13, 26699
List the prime factors of 599405.
5, 119881
What are the prime factors of 398862?
2, 3, 22159
What are the prime factors of 3420170?
2, 5, 13, 26309
List the prime factors of 5369298.
2, 3, 11, 81353
List the prime factors of 33164623.
33164623
What are the prime factors of 2127402?
2, 3, 118189
What are the prime factors of 7085272?
2, 61, 14519
What are the prime factors of 3060616?
2, 13, 29429
List the prime factors of 61294.
2, 19, 1613
What are the prime factors of 811168?
2, 25349
What are the prime factors of 1509622?
2, 754811
List the prime factors of 617420.
2, 5, 30871
What are the prime factors of 1691033?
1691033
List the prime factors of 1602230.
2, 5, 7, 47, 487
What are the prime factors of 29833993?
7, 608857
What are the prime factors of 1064865?
3, 5, 70991
List the prime factors of 3321796.
2, 830449
List the prime factors of 1220611.
7, 41, 4253
List the prime factors of 440806.
2, 220403
What are the prime factors of 3853413?
3, 113, 421
List the prime factors of 4820374.
2, 13, 397, 467
What are the prime factors of 1532256?
2, 3, 11, 1451
List the prime factors of 208559.
13, 61, 263
List the prime factors of 1388594.
2, 17, 40841
List the prime factors of 177242.
2, 13, 17, 401
List the prime factors of 831303.
3, 11, 311
What are the prime factors of 65742?
2, 3, 10957
List the prime factors of 3877038.
2, 3, 11, 61, 107
List the prime factors of 1416563.
29, 48847
What are the prime factors of 460483?
23, 20021
List the prime factors of 209402.
2, 104701
List the prime factors of 3597387.
3, 17, 70537
What are the prime factors of 1249833?
3, 13, 73, 439
List the prime factors of 993591.
3, 53, 2083
What are the prime factors of 7179724?
2, 31, 57901
What are the prime factors of 846626?
2, 11, 29, 1327
List the prime factors of 99301.
199, 499
What are the prime factors of 89259?
3, 29753
List the prime factors of 25613685.
3, 5, 337, 563
List the prime factors of 2758609.
7, 37, 10651
List the prime factors of 551982.
2, 3, 91997
What are the prime factors of 148092?
2, 3, 7, 41, 43
List the prime factors of 658881.
3, 23, 1061
List the prime factors of 911377.
47, 19391
List the prime factors of 1583266.
2, 131, 6043
What are the prime factors of 36396851?
73, 457, 1091
What are the prime factors of 98155?
5, 67, 293
What are the prime factors of 16003195?
5, 13, 246203
What are the prime factors of 164673?
3, 19, 107
What are the prime factors of 9440952?
2, 3, 393373
What are the prime facto